 9?
635
What is -1a08 (base 12) in base 14?
-122c
Convert 124343 (base 6) to base 9.
16530
Convert 1345 (base 12) to base 8.
4245
What is 71 (base 16) in base 8?
161
What is -73b6 (base 12) in base 14?
-488a
-1614 (base 14) to base 2
-111101100010
Convert 17b9 (base 15) to base 3.
21000210
Convert 210 (base 11) to base 13.
166
1402 (base 7) to base 11
452
-173 (base 8) to base 3
-11120
Convert -396 (base 12) to base 11.
-457
Convert 5a84 (base 12) to base 2.
10011111000100
Convert -d70 (base 16) to base 9.
-4642
What is -361 (base 15) in base 6?
-3314
Convert -4535 (base 9) to base 12.
-1b35
234b (base 13) to base 9
6725
Convert -318d (base 14) to base 13.
-3b7c
What is 302534 (base 6) in base 13?
aba3
Convert -2127 (base 16) to base 7.
-33513
Convert -17 (base 9) to base 14.
-12
-26 (base 15) to base 5
-121
-56254 (base 9) to base 12
-1977a
95 (base 11) to base 16
68
What is -259cb (base 13) in base 16?
-110a3
Convert 15511 (base 7) to base 2.
1000100010001
Convert 10111101 (base 2) to base 7.
360
Convert 944 (base 15) to base 7.
6043
Convert -5710 (base 10) to base 12.
-337a
What is 705e (base 15) in base 6?
301442
Convert 238 (base 15) to base 14.
27d
What is b45 (base 14) in base 4?
202221
Convert 4517 (base 8) to base 4.
211033
What is -2710 (base 10) in base 11?
-2044
What is 1ca (base 14) in base 6?
1422
100001101100 (base 2) to base 9
2855
What is 1c08 (base 13) in base 8?
10211
What is -1043302 (base 5) in base 8?
-44221
What is -2b6 (base 12) in base 2?
-110101010
Convert -537 (base 10) to base 7.
-1365
What is 1000111011100 (base 2) in base 10?
4572
Convert -42254 (base 6) to base 10.
-5722
What is -107 (base 14) in base 12?
-14b
-10252 (base 6) to base 4
-111320
Convert 8508 (base 11) to base 7.
44555
What is -3603 (base 7) in base 15?
-5d6
Convert -7771 (base 11) to base 12.
-5b16
What is -2536 (base 7) in base 16?
-3be
-508 (base 13) to base 5
-11403
What is -2300 (base 7) in base 4?
-31001
Convert 1a4 (base 15) to base 16.
17b
Convert 22122201 (base 3) to base 10.
6310
What is 203224 (base 5) in base 12?
3a55
What is 1949 (base 10) in base 11?
1512
3936 (base 15) to base 8
27651
-21ba (base 14) to base 12
-3474
What is -26436 (base 8) in base 6?
-125250
Convert 11506 (base 8) to base 5.
124214
What is -31031 (base 4) in base 5?
-11340
100111 (base 3) to base 13
169
Convert 853c (base 13) to base 9.
27304
Convert 30511 (base 7) to base 11.
5669
Convert -6722 (base 8) to base 4.
-313102
Convert c8b (base 14) to base 3.
10101200
What is -26283 (base 12) in base 4?
-30300003
What is -40755 (base 8) in base 9?
-25132
2cc8 (base 13) to base 3
100000221
What is 298 (base 15) in base 13?
368
What is 1000210 (base 3) in base 4?
23232
Convert 33 (base 14) to base 13.
36
What is -211031 (base 6) in base 11?
-11920
What is 1010101111 (base 2) in base 11?
575
c09 (base 15) to base 12
1699
What is 184 (base 9) in base 5?
1112
-21374 (base 8) to base 7
-35053
7570 (base 8) to base 14
162c
What is -1d7b (base 16) in base 11?
-5741
-2551 (base 11) to base 4
-303323
231 (base 13) to base 2
101111010
1030 (base 10) to base 12
71a
Convert -310412 (base 5) to base 11.
-7659
Convert -50422 (base 7) to base 14.
-4649
2334 (base 7) to base 12
5b6
Convert -12b3c (base 13) to base 8.
-104061
What is -61102 (base 7) in base 10?
-14800
What is 3f (base 16) in base 3?
2100
-11315 (base 6) to base 3
-2020102
503 (base 12) to base 9
883
-3fe (base 16) to base 9
-1355
Convert 1b2 (base 15) to base 3.
112112
1011 (base 6) to base 11
193
-102200012 (base 3) to base 4
-2010332
Convert 2103101 (base 5) to base 3.
1202201000
What is 32c (base 13) in base 12?
395
What is -1685 (base 9) in base 4?
-110030
-2443334 (base 5) to base 8
-133177
-1010101110010 (base 2) to base 9
-7470
122012 (base 3) to base 5
3324
Convert -10411 (base 6) to base 11.
-10a6
2033 (base 4) to base 12
bb
What is -110 (base 15) in base 16?
-f0
-397 (base 10) to base 4
-12031
9b (base 12) to base 8
167
Convert 16765 (base 9) to base 15.
365b
Convert -1087 (base 9) to base 16.
-328
100000111011010 (base 2) to base 9
25111
What is -1100010010 (base 2) in base 11?
-655
What is -2011202110 (base 3) in base 11?
-2a200
Convert 202020122 (base 3) to base 8.
34647
Convert -3247 (base 10) to base 2.
-110010101111
What is 106 (base 16) in base 6?
1114
What is 7cd (base 14) in base 8?
3021
Convert 2a456 (base 11) to base 3.
2012011200
What is -2630 (base 11) in base 5?
-102141
Convert 1135 (base 8) to base 5.
4410
What is -1110011011010 (base 2) in base 15?
-22c6
Convert 11101100110110 (base 2) to base 15.
4758
Convert 9ca (base 14) to base 4.
132112
What is -7661 (base 9) in base 12?
-3324
Convert -31405 (base 6) to base 3.
-12211112
Convert -154 (base 7) to base 9.
-107
61735 (base 10) to base 8
170447
154431 (base 6) to base 14
57d9
24014 (base 5) to base 14
8d9
-2220123 (base 4) to base 10
-10779
Convert -26079 (base 10) to base 11.
-18659
What is 2894 (base 11) in base 9?
5107
What is -12111 (base 7) in base 16?
-c48
Convert -716 (base 14) to base 2.
-10101110000
Convert 20000112 (base 3) to base 10.
4388
Convert -15454 (base 10) to base 9.
-23171
Convert -100111101 (base 2) to base 10.
-317
What is 100111001 (base 2) in base 11?
265
3315 (base 7) to base 8
2244
What is -120 (base 4) in base 2?
-11000
What is 2022010 (base 3) in base 10?
1677
-4203 (base 12) to base 16
-1c23
10001001001001 (base 2) to base 7
34406
What is -326 (base 10) in base 4?
-11012
Convert 1c8 (base 16) to base 15.
206
2821 (base 14) to base 11
5361
Convert -10110100001000 (base 2) to base 15.
-3638
191 (base 10) to base 4
2333
What is 1828 (base 10) in base 3?
2111201
-4e9c (base 15) to base 14
-619b
What is -63b (base 14) in base 4?
-103031
34004 (base 5) to base 4
211023
19bc (base 15) to base 4
1113021
56325 (base 8) to base 16
5cd5
Convert -30241 (base 7) to base 15.
-228a
What is -74c7 (base 15) in base 7?
-132022
77441 (base 8) to base 5
2020140
Convert 9c (base 15) to base 12.
103
What is 206 (base 12) in base 2?
100100110
-237 (base 8) to base 5
-1114
What is -3212130 (base 4) in base 12?
-8650
3091 (base 10) to base 11
2360
What is -645 (base 8) in base 12?
-2b1
-806 (base 14) to base 3
-2011022
What is -2021222211 (base 3) in base 5?
-2421233
173a (base 11) to base 12
1351
Convert c19a (base 15) to base 12.
1b79a
What is -544 (base 9) in base 6?
-2021
-11340 (base 8) to base 6
-34212
What is 469 (base 16) in base 13?
68b
-1121210 (base 3) to base 14
-606
2200020 (base 3) to base 14
9d4
Convert 744 (base 13) to base 9.
1626
What is 132230 (base 5) in base 10?
5315
Convert -1010111 (base 3) to base 4.
-30313
-111122201 (base 3) to base 6
-114031
-234134 (base 5) to base 16
-21dd
What is -102151 (base 7) in base 2?
-100010010101010
What is -121002 (base 3) in base 12?
-302
-399 (base 10) to base 12
-293
What is -57 (base 14) in base 5?
-302
108 (base 16) to base 6
1120
29 (base 11) to base 2
11111
-121110 (base 3) to base 7
-1203
-2230232 (base 4) to base 13
-5054
Convert 10213310 (base 4) to base 7.
106124
Convert -3014 (base 10) to base 9.
-4118
What is -272 (base 8) in base 5?
-1221
-10000000111101 (base 2) to base 7
-33030
What is -b12 (base 15) in base 4?
-212330
1333 (base 12) to base 11
171a
-1345 (base 14) to base 13
-1710
-23664 (base 8) to base 14
-39c0
What is -12021211 (base 3) in base 5?
-110411
-6681 (base 10) to base 13
-306c
What is -2b8bb (base 12) in base 8?
-170517
Convert -100000010110011 (base 2) to base 8.
-40263
-15246 (base 8) to base 2
-1101010100110
-a948 (base 13) to base 7
-125443
-43322 (base 5) to base 6
-21414
Convert -309 (base 14) to base 16.
-255
3353 (base 6) to base 9
1066
What is 30412 (base 5) in base 8?
3676
Convert 158 (base 10) to base 2.
10011110
Convert -5283 (base 9) to base 12.
-22b6
2dd5 (base 15) to base 10
9875
4b (base 15) to base 13
56
142 (base 9) to base 11
a9
What is 431a (base 11) in base 3?
21211102
Convert -315 (base 7) to base 10.
-159
1583 (base 10) to base 4
120233
120a9 (base 14) to base 9
66377
222112 (base 3) to base 7
2042
What is 353132 (base 6) in base 9?
45762
51255 (base 6) to base 12
3b2b
Convert 3462 (base 10) to base 4.
312012
Convert 2010011 (base 4) to base 13.
3b03
Convert 238b (base 15) to base 16.
1d84
3022124 (base 5) to base 15
e529
What i